s of 4 - ((o - -3) + 2).
157
Let t = 13032 - 23172. What are the prime factors of t/12*6/(-15)?
2, 13
Suppose -14*r = -19*r - 3*t + 38524, r = -4*t + 7698. What are the prime factors of r?
2, 3853
Let n(d) = -343*d - 152 + 8*d**2 + 669*d - 346*d. What are the prime factors of n(-7)?
2, 5, 19
Let m = 143 + -141. Suppose -5*k + 0*k - m*f + 606 = 0, 2*k + 5*f = 255. What are the prime factors of k?
2, 3, 5
Suppose -2*c - 10 = 0, -4*j - 4*c + 76 + 0 = 0. Suppose p - 102 = j. What are the prime factors of p?
2, 3, 7
Suppose 0 = -7*q - 8*q + 7470. Let h = 867 - q. List the prime factors of h.
3, 41
List the prime factors of 22/8 - 1 - 19869015/(-940).
21139
Suppose 4*a = -4*i + 43558 + 1982, -79743 = -7*a - i. List the prime factors of a.
11393
Let l(z) = -12*z - 9. Let u(x) = 25*x + 19. Let d(g) = 5*l(g) + 2*u(g). Let b = 20 - 22. List the prime factors of d(b).
13
List the prime factors of (-71 - 739)*104/(-20).
2, 3, 13
Let l = 8874 + -4789. List the prime factors of l.
5, 19, 43
Let c = 42 - 26. What are the prime factors of 24*(172/c - -5)?
2, 3, 7
Let y be (1 - 0)*(-4 - (0 + -3)). Let f be 3 + y*(-50 + 0/2). Suppose f + 54 = t. What are the prime factors of t?
107
Suppose 2*j = -11*j - 50*j + 829269. List the prime factors of j.
13163
Let r be (-4 - 0)/(14/959). Let j = r + 675. What are the prime factors of j?
401
Suppose 1665*f - 1671*f + 17046 = 0. List the prime factors of f.
3, 947
Suppose -82 = -15*m - 22. Suppose -p + 3*d = -11, -5*p + 0*p - m*d + 55 = 0. What are the prime factors of p?
11
Let t = 8088 + -2391. What are the prime factors of t?
3, 211
Let v(i) = 287*i**2 - i. Let w be 26/65 + (-8)/(-5). Let m be v(w). Suppose -m = -7*x + 373. What are the prime factors of x?
7, 31
Let u be 18/243*-867 + 2/9. Let a = 400 - u. What are the prime factors of a?
2, 29
Let a(g) = g**2 + 4*g - 10. Let m be a(-4). List the prime factors of (0 - m)*1/((-10)/(-552)).
2, 3, 23
Let b(n) = 32*n + 175. Let p be b(-7). List the prime factors of 49*(-3 + (-1743)/p).
2, 3, 7, 19
Let g(n) = 49*n + 139. Let b be g(13). Suppose -5*k - 3*i + 0*i = -b, -3*k - 4*i + 459 = 0. What are the prime factors of k?
157
Let b = -23614 - -51699. What are the prime factors of b?
5, 41, 137
Let s(n) = 123*n**2 + 3*n - 4. Let v be s(2). Suppose 5920 = -18*a + 26*a. Let r = a - v. What are the prime factors of r?
2, 3, 41
Let c(a) = -3405*a - 8087. What are the prime factors of c(-6)?
12343
Let f = 31 - 39. Let z = f - -76. Let g = 104 - z. What are the prime factors of g?
2, 3
Let g(x) = 10*x**2 + 6*x + 108. List the prime factors of g(-32).
2, 2539
Let f = 2881 - -6006. List the prime factors of f.
8887
Let q = 2943 - -810. List the prime factors of q.
3, 139
Let n = -20707 - -30563. List the prime factors of n.
2, 7, 11
Suppose -7 = -3*c + 26. Suppose c = -3*a + 20. Suppose -4*g - 334 = a*m - 8*m, 3*m = g + 199. List the prime factors of m.
2, 3, 11
Suppose 11*r + r = 0. Suppose 3*z - z = -5*c + 1516, r = c - 4*z - 290. What are the prime factors of c?
2, 151
Suppose 0 = -0*v - 14*v + 42. Suppose -v*q + 480 = -q. List the prime factors of q.
2, 3, 5
Suppose -4*g = -8*g + 12. Suppose -g*h = 12, -5*a + 2*h + 0*h = -1968. What are the prime factors of a?
2, 7
Let a be -1*(3 + (2 - (8 + -3))). Suppose -9*x + 13 + 23 = a. Suppose 443 = -x*v + 1047. List the prime factors of v.
151
Let k(h) = 48*h - 3. Let z be ((-5)/3)/((-1)/3). Let l(n) = 32*n - 2. Let x(a) = z*k(a) - 7*l(a). What are the prime factors of x(2)?
31
Let x(g) = -4*g - 22. Let n be x(-6). Suppose -s = -18 - n. Let h = 78 - s. What are the prime factors of h?
2, 29
Let j(n) = -n + 14. Let h be j(11). Suppose 0 = h*a - 4*v - 1217, -a - 2*a + 1220 = -v. What are the prime factors of a?
11, 37
List the prime factors of 13/((-1209)/(-4620457)) - 2/(-3).
3, 16561
Let n be 11176/66*42/4. Suppose 0*p + p = -5*o + n, -2*p = 4. What are the prime factors of o?
2, 89
Suppose -11*o + 7*o - 5*y = -24483, 30609 = 5*o + y. What are the prime factors of o?
2, 3061
Let v(w) = w**3 + 18*w**2 + 19*w + 27. Let u be v(-18). Let h be (u/12)/((-4)/(-16)). Let n = h - -170. What are the prime factors of n?
5, 13
Suppose 2*v - 24 = -4*v. Suppose 0 = -v*o - 34 + 254. Let m = o + -13. What are the prime factors of m?
2, 3, 7
List the prime factors of (-1 + (-1192)/10)/((-16)/2960).
37, 601
Let d = -126 - -163. Suppose 9*h - d = 314. What are the prime factors of h?
3, 13
What are the prime factors of ((-1461298)/332)/(2/(-4))?
8803
What are the prime factors of ((-16445)/(-69))/((-2)/(-66))?
5, 11, 13
Let z be 5/25 - (-170)/25. Suppose z*f - 1501 - 326 = 0. List the prime factors of f.
3, 29
Let b(d) = 15*d + 11. Let r be b(10). Let c = r + -103. List the prime factors of c.
2, 29
Let x be 152/(-10) + 13 - (-1)/5. List the prime factors of (12 - 2860/8)*(0 + x).
691
Let q be 1/(-2) + ((-324)/(-8) - 4). Suppose -5*u - q = u. Let l(a) = a**3 + 7*a**2 - 2*a + 13. What are the prime factors of l(u)?
61
Suppose -21*i = -19*i + 20. List the prime factors of 1230/4*((-38)/i + -3).
2, 3, 41
Let d(z) = z**2 + 18*z - 22. Let q be d(-20). Let y = q + -54. List the prime factors of (y/(-10))/(28/(-15) - -2).
3
Suppose 2*k - 4*s - 6443 - 501 = 0, 0 = 4*k + 4*s - 13900. What are the prime factors of k?
2, 3, 193
Let b = 368 + -190. Let g = -89 + b. List the prime factors of g.
89
Let q(s) = -s**3 + 17*s**2 + 4*s - 3. Let f be q(17). What are the prime factors of (-478 + 0/2)*f/(-26)?
5, 239
Let q = -39105 - -62660. What are the prime factors of q?
5, 7, 673
Let j = -2987 - -3829. What are the prime factors of j?
2, 421
Suppose -5*m = -25, -2*m + 1 = 2*h - 15. Let t(n) = -2*n - 2*n**2 - 1 + 0*n - 10*n**3 - 1 + 16*n**3. List the prime factors of t(h).
2, 17
What are the prime factors of (-3788655)/(-270) + (-4)/72?
2, 877
Suppose 3649*c + 191997 = 3662*c. What are the prime factors of c?
3, 547
Let m(o) = 65*o**3 + 6*o**2 - 20*o - 45. List the prime factors of m(4).
3, 17
Let j(x) = x**2 + 14*x - 15. Let d be j(-15). Suppose -3*l + 7 = -q - 1, -5*l - q = d. What are the prime factors of 2/(-2) - -118 - 2*l?
5, 23
Suppose 2*w = -c + 11, -w + 4*w + 5*c = -1. Let l be 1 + 1 - -4*4/w. Suppose 65 = 2*s - 5*g, 0 = s - 5*s - l*g + 60. What are the prime factors of s?
2, 5
Let d = 44789 - 30449. What are the prime factors of d?
2, 3, 5, 239
Let k = -7658 - -33159. What are the prime factors of k?
7, 3643
Let q be -60*12/(-54)*78/5. Suppose 7*c - 5*c - q = 2*m, c - 98 = -2*m. List the prime factors of c.
2, 3, 17
Let y = -19 - -23. Suppose -4*s = -2*p + 30, -5*p + 0*p - 9 = y*s. What are the prime factors of 2/s - (-2664)/54?
7
What are the prime factors of (1324/2)/(-3*1/(-51))?
2, 17, 331
Let o(a) = -a**2 + 2*a + 63. Let u be o(-7). What are the prime factors of 12/(-14)*(u - 168)?
2, 3
Suppose 97*l - 3*l = 332874 + 637864. List the prime factors of l.
23, 449
Let b = -2831 + 3984. Let i = b + -640. List the prime factors of i.
3, 19
Let w = 1071 + 403. What are the prime factors of w?
2, 11, 67
Let d = -89 - -105. List the prime factors of (-4075)/(-20) + 4/d.
2, 3, 17
Suppose 22*i - 29*i = -5145. Suppose 0 = -2*x + 5*y + i, 12*y = 8*y - 20. List the prime factors of x.
5, 71
What are the prime factors of (0 - -8)*((-6512)/(-8) + 7)?
2, 821
Suppose 5*n - 46734 = 3*r, -68*r + 71*r - 9372 = -n. What are the prime factors of n?
3, 1039
Let y = 289 + -275. Suppose 23*a + y*a - 33744 = 0. List the prime factors of a.
2, 3, 19
Suppose -4*f - 6 = -7*f - 3*s, s = -5*f - 6. List the prime factors of f/(-4) + 11295/10.
2, 5, 113
Suppose -s + 17906 = 5*h, -5*s + 4*h = 26000 - 115530. List the prime factors of s.
2, 7, 1279
Let c(b) = 20*b**2 - 467*b + 118. What are the prime factors of c(36)?
2, 7, 659
List the prime factors of (5 + -39)/(-17) + (-1)/(2/(-22494)).
7, 1607
Let u be ((-3)/2)/((-33)/44). Suppose -6 = -u*n + 12. Suppose n*l - 730 = 449. What are the prime factors of l?
131
Suppose -3*r = -8*r - 35, -v = 3*r - 310. What are the prime factors of v?
331
Suppose -6*i + 12 = -18*i. Let d be (-2 - i/(-1))/((-6)/4). Let z = 53 - d. List the prime factors of z.
3, 17
Let h = -68387 - -140300. List the prime factors of h.
3, 23971
What are the prime factors of ((-1944)/20 + -5)/(-5*8/27800)?
7, 73, 139
Let z = 77 + -69. Suppose 3*t + 16 = 4*c, 2*c - 3*t + z = 4